{"id":129,"date":"2023-01-12T18:08:22","date_gmt":"2023-01-12T18:08:22","guid":{"rendered":"https:\/\/autoecolemyriam.fr\/?page_id=129"},"modified":"2025-10-13T20:49:01","modified_gmt":"2025-10-13T20:49:01","slug":"nous-contacter","status":"publish","type":"page","link":"https:\/\/autoecolemyriam.fr\/index.php\/nous-contacter\/","title":{"rendered":"Nous contacter"},"content":{"rendered":"<style>\/*! elementor - v3.10.1 - 17-01-2023 *\/\n.elementor-heading-title{padding:0;margin:0;line-height:1}.elementor-widget-heading .elementor-heading-title[class*=elementor-size-]>a{color:inherit;font-size:inherit;line-height:inherit}.elementor-widget-heading .elementor-heading-title.elementor-size-small{font-size:15px}.elementor-widget-heading .elementor-heading-title.elementor-size-medium{font-size:19px}.elementor-widget-heading .elementor-heading-title.elementor-size-large{font-size:29px}.elementor-widget-heading .elementor-heading-title.elementor-size-xl{font-size:39px}.elementor-widget-heading .elementor-heading-title.elementor-size-xxl{font-size:59px}<\/style>\n<h2>Contact<br \/>\n<\/h2>\n<p><strong>119 boulevard de la libert\u00e9 face au lyc\u00e9e palissy \u00e0 5min du lyc\u00e9e De Baubre&#8230; L&#8217;auto \u00e9cole myriam se situe \u00e0 5min \u00e0 pied de la gare accessible en bus<\/strong><\/p>\n<h2>T\u00e9l\u00e9phone:<br \/>\n<\/h2>\n<p><a href=\"tel:07 83 20 11 90\">07 83 20 11 90<\/a><\/p>\n<h2>Email:<br \/>\n<\/h2>\n<p><a href=\"mailto:gargatmyriam@gmail.com\">myriamconduite@gmail.com<\/a><\/p>\n<h2>Adresse:<br \/>\n<\/h2>\n<p>119 BOULEVARD DE LA LIBERTE<\/p>\n<p>47000 AGEN<\/p>\n<h2>Heures d\u2019ouverture:<\/h2>\n<p><strong><u>De Lundi au Jeudi:<\/u><\/strong><\/p>\n<p><strong style=\"color: #000000; font-family: var( --e-global-typography-text-font-family ), Sans-serif; background-color: #f7f7f7; font-size: 1rem;\">9h00-13h00\u00a0 \u00a0 \u00a0 et de\u00a0 \u00a0 \u00a0 14h00-19h00<\/strong><\/p>\n<p><strong style=\"color: #000000; font-family: var( --e-global-typography-text-font-family ), Sans-serif; background-color: #f7f7f7; font-size: 1rem;\"><u>Le Vendredi:<\/u><\/strong><\/p>\n<p><strong>9h \u00e0 13h 14h 18h<\/strong><\/p>\n","protected":false},"excerpt":{"rendered":"<p>Contact 119 boulevard de la libert\u00e9 face au lyc\u00e9e palissy \u00e0 5min du lyc\u00e9e De Baubre&#8230; L&#8217;auto \u00e9cole myriam se situe \u00e0 5min \u00e0 pied de la gare accessible en bus T\u00e9l\u00e9phone: 07 83 20 11 90 Email: myriamconduite@gmail.com Adresse: 119 BOULEVARD DE LA LIBERTE 47000 AGEN Heures d\u2019ouverture: De Lundi au Jeudi: 9h00-13h00\u00a0 \u00a0 [&hellip;]<\/p>\n","protected":false},"author":1,"featured_media":0,"parent":0,"menu_order":0,"comment_status":"closed","ping_status":"closed","template":"elementor_header_footer","meta":{"footnotes":""},"class_list":["post-129","page","type-page","status-publish","hentry"],"_links":{"self":[{"href":"https:\/\/autoecolemyriam.fr\/index.php\/wp-json\/wp\/v2\/pages\/129","targetHints":{"allow":["GET"]}}],"collection":[{"href":"https:\/\/autoecolemyriam.fr\/index.php\/wp-json\/wp\/v2\/pages"}],"about":[{"href":"https:\/\/autoecolemyriam.fr\/index.php\/wp-json\/wp\/v2\/types\/page"}],"author":[{"embeddable":true,"href":"https:\/\/autoecolemyriam.fr\/index.php\/wp-json\/wp\/v2\/users\/1"}],"replies":[{"embeddable":true,"href":"https:\/\/autoecolemyriam.fr\/index.php\/wp-json\/wp\/v2\/comments?post=129"}],"version-history":[{"count":37,"href":"https:\/\/autoecolemyriam.fr\/index.php\/wp-json\/wp\/v2\/pages\/129\/revisions"}],"predecessor-version":[{"id":1071,"href":"https:\/\/autoecolemyriam.fr\/index.php\/wp-json\/wp\/v2\/pages\/129\/revisions\/1071"}],"wp:attachment":[{"href":"https:\/\/autoecolemyriam.fr\/index.php\/wp-json\/wp\/v2\/media?parent=129"}],"curies":[{"name":"wp","href":"https:\/\/api.w.org\/{rel}","templated":true}]}}