{"id":592,"date":"2023-01-17T15:56:36","date_gmt":"2023-01-17T15:56:36","guid":{"rendered":"https:\/\/autoecolemyriam.fr\/?page_id=592"},"modified":"2023-01-19T19:07:42","modified_gmt":"2023-01-19T19:07:42","slug":"conduite-accompagnee","status":"publish","type":"page","link":"https:\/\/autoecolemyriam.fr\/index.php\/conduite-accompagnee\/","title":{"rendered":"Conduit accompagn\u00e9e"},"content":{"rendered":"<style>\/*! elementor - v3.10.1 - 17-01-2023 *\/\n.elementor-heading-title{padding:0;margin:0;line-height:1}.elementor-widget-heading .elementor-heading-title[class*=elementor-size-]>a{color:inherit;font-size:inherit;line-height:inherit}.elementor-widget-heading .elementor-heading-title.elementor-size-small{font-size:15px}.elementor-widget-heading .elementor-heading-title.elementor-size-medium{font-size:19px}.elementor-widget-heading .elementor-heading-title.elementor-size-large{font-size:29px}.elementor-widget-heading .elementor-heading-title.elementor-size-xl{font-size:39px}.elementor-widget-heading .elementor-heading-title.elementor-size-xxl{font-size:59px}<\/style>\n<h2>Formules<br \/>\n<\/h2>\n<h2>Conduite Accompagn\u00e9e<br \/>\n<\/h2>\n<p><strong><em>La conduite accompagn\u00e9e anticip\u00e9e, appel\u00e9e\u00a0couramment\u00a0 AAC pour apprentissage\u00a0anticip\u00e9 de la conduite, est un v\u00e9ritable avantage pour nos futurs conducteurs.<\/em><\/strong><\/p>\n<h2>Fonctionnement:<\/h2>\n<p>C\u2019est une formation accessible d\u00e8s 15\u00a0ans\u00a0qui se d\u00e9roule sur un minimum d\u20191 an (maximum 3 ans), avec un volume de 3000 kilom\u00e8tres effectu\u00e9s avec un ou plusieurs accompagnateurs \u00e2g\u00e9s de 25 ans minimum et titulaire du permis B depuis plus de 3 ans.<\/p>\n<p>Apr\u00e8s obtention du code et des heures de conduite, une attestation vous sera d\u00e9livr\u00e9e vous autorisant \u00e0 rouler avec l\u2019apprenti conducteur.<br \/>Ult\u00e9rieurement, deux rendez-vous p\u00e9dagogiques seront planifi\u00e9s.<\/p>\n<h2>Les avantages:<\/h2>\n<ul>\n<li>\n<ul>\n<li>Une exp\u00e9rience plus aff\u00fbt\u00e9e (conduites par toutes saisons)<\/li>\n<\/ul>\n<\/li>\n<\/ul>\n<ul>\n<li>\n<ul>\n<li>Une maturit\u00e9 de conduite acquise au fil du kilom\u00e9trage.<\/li>\n<\/ul>\n<\/li>\n<\/ul>\n<ul>\n<li>\n<ul>\n<li>Une surprime de jeune conducteur r\u00e9duite<\/li>\n<li>L\u2019obtention des 12 points au capital permis sur 2 ans au lieu de 3.<\/li>\n<\/ul>\n<\/li>\n<\/ul>\n<h2>Tarif code de la route 2023: 450\u20ac<\/h2>\n<h6><b>2 formules pour passer votre code:<\/b><\/h6>\n<p>\u00a0<\/p>\n<ul>\n<li><b>le code en salle dans nos locaux du lundi au vendredi de 17h \u00e0 19h<\/b><\/li>\n<\/ul>\n<ul>\n<li><b>en stage code de 4 jours.<\/b><\/li>\n<\/ul>\n<h2>Liste des pi\u00e8ces \u00e0 fournir:<\/h2>\n<h6>\n<ul>\n<li>Carte d\u2019identit\u00e9.<\/li>\n<\/ul>\n<ul>\n<li>attestation d\u2019h\u00e9bergement et carte d\u2019identit\u00e9 de l\u2019h\u00e9bergeant si le justificatif de domicile n\u2019est pas au nom de l\u2019\u00e9l\u00e8ve<\/li>\n<\/ul>\n<ul>\n<li>.<\/li>\n<\/ul>\n<ul>\n<li>justificatif de domicile de moins de 6 mois <b>(facture GAZ, elec&#8230;)<\/b><\/li>\n<\/ul>\n<ul>\n<li>.<\/li>\n<\/ul>\n<ul>\n<li>e-photo aux normes ANTS<\/li>\n<\/ul>\n<ul>\n<li>.<\/li>\n<\/ul>\n<ul>\n<li>l\u2019attestation justifiant de la r\u00e9gularit\u00e9 de la situation au regard du service national (\u00e0 partir de 17 ans jusqu\u2019\u00e0 25 ans inclus<\/li>\n<\/ul>\n<ul>\n<li>permis AM ou BSR si il y a lieu<\/li>\n<\/ul>\n<\/h6>\n","protected":false},"excerpt":{"rendered":"<p>Formules Conduite Accompagn\u00e9e La conduite accompagn\u00e9e anticip\u00e9e, appel\u00e9e\u00a0couramment\u00a0 AAC pour apprentissage\u00a0anticip\u00e9 de la conduite, est un v\u00e9ritable avantage pour nos futurs conducteurs. Fonctionnement: C\u2019est une formation accessible d\u00e8s 15\u00a0ans\u00a0qui se d\u00e9roule sur un minimum d\u20191 an (maximum 3 ans), avec un volume de 3000 kilom\u00e8tres effectu\u00e9s avec un ou plusieurs accompagnateurs \u00e2g\u00e9s de 25 ans [&hellip;]<\/p>\n","protected":false},"author":1,"featured_media":0,"parent":0,"menu_order":0,"comment_status":"closed","ping_status":"closed","template":"elementor_header_footer","meta":{"footnotes":""},"class_list":["post-592","page","type-page","status-publish","hentry"],"_links":{"self":[{"href":"https:\/\/autoecolemyriam.fr\/index.php\/wp-json\/wp\/v2\/pages\/592","targetHints":{"allow":["GET"]}}],"collection":[{"href":"https:\/\/autoecolemyriam.fr\/index.php\/wp-json\/wp\/v2\/pages"}],"about":[{"href":"https:\/\/autoecolemyriam.fr\/index.php\/wp-json\/wp\/v2\/types\/page"}],"author":[{"embeddable":true,"href":"https:\/\/autoecolemyriam.fr\/index.php\/wp-json\/wp\/v2\/users\/1"}],"replies":[{"embeddable":true,"href":"https:\/\/autoecolemyriam.fr\/index.php\/wp-json\/wp\/v2\/comments?post=592"}],"version-history":[{"count":15,"href":"https:\/\/autoecolemyriam.fr\/index.php\/wp-json\/wp\/v2\/pages\/592\/revisions"}],"predecessor-version":[{"id":823,"href":"https:\/\/autoecolemyriam.fr\/index.php\/wp-json\/wp\/v2\/pages\/592\/revisions\/823"}],"wp:attachment":[{"href":"https:\/\/autoecolemyriam.fr\/index.php\/wp-json\/wp\/v2\/media?parent=592"}],"curies":[{"name":"wp","href":"https:\/\/api.w.org\/{rel}","templated":true}]}}