{"id":716,"date":"2023-01-19T18:20:38","date_gmt":"2023-01-19T18:20:38","guid":{"rendered":"https:\/\/autoecolemyriam.fr\/?page_id=716"},"modified":"2025-10-13T20:16:22","modified_gmt":"2025-10-13T20:16:22","slug":"conduite-accompagnee-sans-le-code-1250e","status":"publish","type":"page","link":"https:\/\/autoecolemyriam.fr\/index.php\/conduite-accompagnee-sans-le-code-1250e\/","title":{"rendered":"CONDUITE ACCOMPAGN\u00c9E SANS LE CODE 1350\u20ac"},"content":{"rendered":"\t\t<div data-elementor-type=\"wp-page\" data-elementor-id=\"716\" class=\"elementor elementor-716\">\n\t\t\t\t\t\t<section class=\"elementor-section elementor-top-section elementor-element elementor-element-4c82132 elementor-section-boxed elementor-section-height-default elementor-section-height-default\" data-id=\"4c82132\" data-element_type=\"section\" data-e-type=\"section\">\n\t\t\t\t\t\t<div class=\"elementor-container elementor-column-gap-default\">\n\t\t\t\t\t<div class=\"elementor-column elementor-col-100 elementor-top-column elementor-element elementor-element-cce4eaa\" data-id=\"cce4eaa\" data-element_type=\"column\" data-e-type=\"column\" data-settings=\"{&quot;background_background&quot;:&quot;classic&quot;}\">\n\t\t\t<div class=\"elementor-widget-wrap elementor-element-populated\">\n\t\t\t\t\t\t<div class=\"elementor-element elementor-element-d030eca elementor-widget elementor-widget-heading\" data-id=\"d030eca\" data-element_type=\"widget\" data-e-type=\"widget\" data-widget_type=\"heading.default\">\n\t\t\t\t<div class=\"elementor-widget-container\">\n\t\t\t\t\t<h2 class=\"elementor-heading-title elementor-size-default\">CONDUITE ACCOMPAGN\u00c9E SANS LE CODE 1350\u20ac<\/h2>\t\t\t\t<\/div>\n\t\t\t\t<\/div>\n\t\t\t\t<div class=\"elementor-element elementor-element-1d96340 elementor-widget elementor-widget-text-editor\" data-id=\"1d96340\" data-element_type=\"widget\" data-e-type=\"widget\" data-widget_type=\"text-editor.default\">\n\t\t\t\t<div class=\"elementor-widget-container\">\n\t\t\t\t\t\t\t\t\t<p><span style=\"color: initial;\"><i>\u00c0 partir de 15 ans, vous pouvez commencer \u00e0 vous pr\u00e9parer pour le permis de conduire. Suite \u00e0 cette formation, vous aurez la possibilit\u00e9 de passer votre examen d\u00e8s l&rsquo;\u00e2ge de 17 ans. De plus, gr\u00e2ce \u00e0 cette formation, votre p\u00e9riode probatoire sera r\u00e9duite \u00e0 2 ans au lieu de 3 ans.<\/i><\/span><\/p>\t\t\t\t\t\t\t\t<\/div>\n\t\t\t\t<\/div>\n\t\t\t\t\t<\/div>\n\t\t<\/div>\n\t\t\t\t\t<\/div>\n\t\t<\/section>\n\t\t\t\t<\/div>\n\t\t","protected":false},"excerpt":{"rendered":"<p>CONDUITE ACCOMPAGN\u00c9E SANS LE CODE 1350\u20ac \u00c0 partir de 15 ans, vous pouvez commencer \u00e0 vous pr\u00e9parer pour le permis de conduire. Suite \u00e0 cette formation, vous aurez la possibilit\u00e9 de passer votre examen d\u00e8s l&rsquo;\u00e2ge de 17 ans. De plus, gr\u00e2ce \u00e0 cette formation, votre p\u00e9riode probatoire sera r\u00e9duite \u00e0 2 ans au lieu [&hellip;]<\/p>\n","protected":false},"author":1,"featured_media":0,"parent":0,"menu_order":0,"comment_status":"closed","ping_status":"closed","template":"","meta":{"footnotes":""},"class_list":["post-716","page","type-page","status-publish","hentry"],"_links":{"self":[{"href":"https:\/\/autoecolemyriam.fr\/index.php\/wp-json\/wp\/v2\/pages\/716","targetHints":{"allow":["GET"]}}],"collection":[{"href":"https:\/\/autoecolemyriam.fr\/index.php\/wp-json\/wp\/v2\/pages"}],"about":[{"href":"https:\/\/autoecolemyriam.fr\/index.php\/wp-json\/wp\/v2\/types\/page"}],"author":[{"embeddable":true,"href":"https:\/\/autoecolemyriam.fr\/index.php\/wp-json\/wp\/v2\/users\/1"}],"replies":[{"embeddable":true,"href":"https:\/\/autoecolemyriam.fr\/index.php\/wp-json\/wp\/v2\/comments?post=716"}],"version-history":[{"count":10,"href":"https:\/\/autoecolemyriam.fr\/index.php\/wp-json\/wp\/v2\/pages\/716\/revisions"}],"predecessor-version":[{"id":1042,"href":"https:\/\/autoecolemyriam.fr\/index.php\/wp-json\/wp\/v2\/pages\/716\/revisions\/1042"}],"wp:attachment":[{"href":"https:\/\/autoecolemyriam.fr\/index.php\/wp-json\/wp\/v2\/media?parent=716"}],"curies":[{"name":"wp","href":"https:\/\/api.w.org\/{rel}","templated":true}]}}

CONDUITE ACCOMPAGNÉE SANS LE CODE 1350€

<div data-elementor-type="wp-page" data-elementor-id="716" class="elementor elementor-716">
						<section class="elementor-section elementor-top-section elementor-element elementor-element-4c82132 elementor-section-boxed elementor-section-height-default elementor-section-height-default" data-id="4c82132" data-element_type="section" data-e-type="section">
						<div class="elementor-container elementor-column-gap-default">
					<div class="elementor-column elementor-col-100 elementor-top-column elementor-element elementor-element-cce4eaa" data-id="cce4eaa" data-element_type="column" data-e-type="column" data-settings="{&quot;background_background&quot;:&quot;classic&quot;}">
			<div class="elementor-widget-wrap elementor-element-populated">
						<div class="elementor-element elementor-element-d030eca elementor-widget elementor-widget-heading" data-id="d030eca" data-element_type="widget" data-e-type="widget" data-widget_type="heading.default">
				<div class="elementor-widget-container">
					<h2 class="elementor-heading-title elementor-size-default">CONDUITE ACCOMPAGNÉE SANS LE CODE 1350€</h2>				</div>
				</div>
				<div class="elementor-element elementor-element-1d96340 elementor-widget elementor-widget-text-editor" data-id="1d96340" data-element_type="widget" data-e-type="widget" data-widget_type="text-editor.default">
				<div class="elementor-widget-container">
									<p><span style="color: initial;"><i>À partir de 15 ans, vous pouvez commencer à vous préparer pour le permis de conduire. Suite à cette formation, vous aurez la possibilité de passer votre examen dès l&rsquo;âge de 17 ans. De plus, grâce à cette formation, votre période probatoire sera réduite à 2 ans au lieu de 3 ans.</i></span></p>								</div>
				</div>
					</div>
		</div>
					</div>
		</section>
				</div>

<p>CONDUITE ACCOMPAGNÉE SANS LE CODE 1350€ À partir de 15 ans, vous pouvez commencer à vous préparer pour le permis de conduire. Suite à cette formation, vous aurez la possibilité de passer votre examen dès l&rsquo;âge de 17 ans. De plus, grâce à cette formation, votre période probatoire sera réduite à 2 ans au lieu [&hellip;]</p>
