{"id":718,"date":"2023-01-19T18:18:59","date_gmt":"2023-01-19T18:18:59","guid":{"rendered":"https:\/\/autoecolemyriam.fr\/?page_id=718"},"modified":"2026-04-02T23:53:05","modified_gmt":"2026-04-02T23:53:05","slug":"conduite-accompagnee-avec-le-code-1420e","status":"publish","type":"page","link":"https:\/\/autoecolemyriam.fr\/index.php\/conduite-accompagnee-avec-le-code-1420e\/","title":{"rendered":"CONDUITE ACCOMPAGN\u00c9E AVEC LE CODE 1500\u20ac"},"content":{"rendered":"\t\t<div data-elementor-type=\"wp-page\" data-elementor-id=\"718\" class=\"elementor elementor-718\">\n\t\t\t\t\t\t<section class=\"elementor-section elementor-top-section elementor-element elementor-element-8643c0c elementor-section-boxed elementor-section-height-default elementor-section-height-default\" data-id=\"8643c0c\" data-element_type=\"section\" data-e-type=\"section\">\n\t\t\t\t\t\t<div class=\"elementor-container elementor-column-gap-default\">\n\t\t\t\t\t<div class=\"elementor-column elementor-col-100 elementor-top-column elementor-element elementor-element-eb1982d\" data-id=\"eb1982d\" data-element_type=\"column\" data-e-type=\"column\" data-settings=\"{&quot;background_background&quot;:&quot;classic&quot;}\">\n\t\t\t<div class=\"elementor-widget-wrap elementor-element-populated\">\n\t\t\t\t\t\t<div class=\"elementor-element elementor-element-eece530 elementor-widget elementor-widget-heading\" data-id=\"eece530\" data-element_type=\"widget\" data-e-type=\"widget\" data-widget_type=\"heading.default\">\n\t\t\t\t<div class=\"elementor-widget-container\">\n\t\t\t\t\t<h2 class=\"elementor-heading-title elementor-size-default\"><font dir=\"auto\" style=\"vertical-align: inherit\"><font dir=\"auto\" style=\"vertical-align: inherit\">CONDUITE ACCOMPAGN\u00c9E AVEC LE CODE <\/font><\/font><font dir=\"auto\" style=\"vertical-align: inherit\"><font dir=\"auto\" style=\"vertical-align: inherit\">1500\u20ac<\/font><\/font><\/h2>\t\t\t\t<\/div>\n\t\t\t\t<\/div>\n\t\t\t\t<div class=\"elementor-element elementor-element-3e51b47 elementor-widget elementor-widget-text-editor\" data-id=\"3e51b47\" data-element_type=\"widget\" data-e-type=\"widget\" data-widget_type=\"text-editor.default\">\n\t\t\t\t<div class=\"elementor-widget-container\">\n\t\t\t\t\t\t\t\t\t<p><span style=\"color: initial;\"><i>\u00c0 partir de 15 ans, vous pouvez commencer \u00e0 vous pr\u00e9parer pour le permis de conduire. Suite \u00e0 cette formation, vous aurez la possibilit\u00e9 de passer votre examen d\u00e8s l&rsquo;\u00e2ge de 17 ans. De plus, gr\u00e2ce \u00e0 cette formation, votre p\u00e9riode probatoire sera r\u00e9duite \u00e0 2 ans au lieu de 3 ans.<\/i><\/span><\/p>\t\t\t\t\t\t\t\t<\/div>\n\t\t\t\t<\/div>\n\t\t\t\t\t<\/div>\n\t\t<\/div>\n\t\t\t\t\t<\/div>\n\t\t<\/section>\n\t\t\t\t<\/div>\n\t\t","protected":false},"excerpt":{"rendered":"<p>CONDUITE ACCOMPAGN\u00c9E AVEC LE CODE 1500\u20ac \u00c0 partir de 15 ans, vous pouvez commencer \u00e0 vous pr\u00e9parer pour le permis de conduire. Suite \u00e0 cette formation, vous aurez la possibilit\u00e9 de passer votre examen d\u00e8s l&rsquo;\u00e2ge de 17 ans. De plus, gr\u00e2ce \u00e0 cette formation, votre p\u00e9riode probatoire sera r\u00e9duite \u00e0 2 ans au lieu [&hellip;]<\/p>\n","protected":false},"author":1,"featured_media":0,"parent":0,"menu_order":0,"comment_status":"closed","ping_status":"closed","template":"","meta":{"footnotes":""},"class_list":["post-718","page","type-page","status-publish","hentry"],"_links":{"self":[{"href":"https:\/\/autoecolemyriam.fr\/index.php\/wp-json\/wp\/v2\/pages\/718","targetHints":{"allow":["GET"]}}],"collection":[{"href":"https:\/\/autoecolemyriam.fr\/index.php\/wp-json\/wp\/v2\/pages"}],"about":[{"href":"https:\/\/autoecolemyriam.fr\/index.php\/wp-json\/wp\/v2\/types\/page"}],"author":[{"embeddable":true,"href":"https:\/\/autoecolemyriam.fr\/index.php\/wp-json\/wp\/v2\/users\/1"}],"replies":[{"embeddable":true,"href":"https:\/\/autoecolemyriam.fr\/index.php\/wp-json\/wp\/v2\/comments?post=718"}],"version-history":[{"count":17,"href":"https:\/\/autoecolemyriam.fr\/index.php\/wp-json\/wp\/v2\/pages\/718\/revisions"}],"predecessor-version":[{"id":3784,"href":"https:\/\/autoecolemyriam.fr\/index.php\/wp-json\/wp\/v2\/pages\/718\/revisions\/3784"}],"wp:attachment":[{"href":"https:\/\/autoecolemyriam.fr\/index.php\/wp-json\/wp\/v2\/media?parent=718"}],"curies":[{"name":"wp","href":"https:\/\/api.w.org\/{rel}","templated":true}]}}

CONDUITE ACCOMPAGNÉE AVEC LE CODE 1500€

<div data-elementor-type="wp-page" data-elementor-id="718" class="elementor elementor-718">
						<section class="elementor-section elementor-top-section elementor-element elementor-element-8643c0c elementor-section-boxed elementor-section-height-default elementor-section-height-default" data-id="8643c0c" data-element_type="section" data-e-type="section">
						<div class="elementor-container elementor-column-gap-default">
					<div class="elementor-column elementor-col-100 elementor-top-column elementor-element elementor-element-eb1982d" data-id="eb1982d" data-element_type="column" data-e-type="column" data-settings="{&quot;background_background&quot;:&quot;classic&quot;}">
			<div class="elementor-widget-wrap elementor-element-populated">
						<div class="elementor-element elementor-element-eece530 elementor-widget elementor-widget-heading" data-id="eece530" data-element_type="widget" data-e-type="widget" data-widget_type="heading.default">
				<div class="elementor-widget-container">
					<h2 class="elementor-heading-title elementor-size-default"><font dir="auto" style="vertical-align: inherit"><font dir="auto" style="vertical-align: inherit">CONDUITE ACCOMPAGNÉE AVEC LE CODE </font></font><font dir="auto" style="vertical-align: inherit"><font dir="auto" style="vertical-align: inherit">1500€</font></font></h2>				</div>
				</div>
				<div class="elementor-element elementor-element-3e51b47 elementor-widget elementor-widget-text-editor" data-id="3e51b47" data-element_type="widget" data-e-type="widget" data-widget_type="text-editor.default">
				<div class="elementor-widget-container">
									<p><span style="color: initial;"><i>À partir de 15 ans, vous pouvez commencer à vous préparer pour le permis de conduire. Suite à cette formation, vous aurez la possibilité de passer votre examen dès l&rsquo;âge de 17 ans. De plus, grâce à cette formation, votre période probatoire sera réduite à 2 ans au lieu de 3 ans.</i></span></p>								</div>
				</div>
					</div>
		</div>
					</div>
		</section>
				</div>

<p>CONDUITE ACCOMPAGNÉE AVEC LE CODE 1500€ À partir de 15 ans, vous pouvez commencer à vous préparer pour le permis de conduire. Suite à cette formation, vous aurez la possibilité de passer votre examen dès l&rsquo;âge de 17 ans. De plus, grâce à cette formation, votre période probatoire sera réduite à 2 ans au lieu [&hellip;]</p>
